14*q - 10. Let w be p(-12). What is the remainder when 17 is divided by (-7)/w + 26/4?
5
Suppose 5*n = 5*u - 50, -4*u + 6*n - n + 43 = 0. Calculate the remainder when ((-2)/8*13)/((-1)/4) is divided by u.
6
Suppose 2*b - 4 = 6. Suppose 2*z = -5*a, -b*a - 12 + 2 = z. Suppose -5*n = -5*t - z, -2*n - 5*t = -7 - 11. Calculate the remainder when 11 is divided by n.
3
Let n(j) = -j**3 - j**2 + 3*j + 6. Suppose 2*s + l + 10 = 5*l, -9 = -3*s - 2*l. Calculate the remainder when (-1 + 0)*(-44 + s) is divided by n(-3).
13
Let r(q) = -2*q**2 - 2*q - 1. Let w be r(-1). Let s = 5 + w. What is the remainder when 32/6 + (-5)/15 is divided by s?
1
Let k(f) = 3*f - 3*f + 1 + 3*f + f. Calculate the remainder when k(4) is divided by 9.
8
Suppose 0 = -2*b - 2*b + 52. Suppose -m + 6*m = -5, 0 = -n - 3*m + b. Calculate the remainder when 47 is divided by n.
15
Calculate the remainder when 43 is divided by (-9)/(315/(-10)) - 166/(-7).
19
Let n(m) = -m**2 - 2*m - 2. Let c(w) = w**3 - w**2 - w + 1. Let a(x) = c(x) + n(x). Suppose 2*i + 10 = 3*i. Calculate the remainder when a(4) is divided by i.
9
Suppose 2*x - 13 = -1. Suppose 3*u - 5*m - 185 = -2*u, -65 = -2*u + 5*m. What is the remainder when u is divided by x?
4
Suppose -5*a + 278 + 37 = 0. Suppose b + 4*j - 60 = -3*b, 5*b - j - a = 0. Calculate the remainder when 50 is divided by b.
11
Let z(p) = -p**2 - 12*p + 1. What is the remainder when 19 is divided by z(-11)?
7
Let b = -14 + 7. Let x(z) = z**3 - z**2 + 1. Let c(t) = -7*t**3 + t**2 + 9*t - 1. Let l(u) = c(u) + 6*x(u). What is the remainder when l(b) is divided by 14?
12
Suppose -5*z + 24 = -96. Suppose -5 - 7 = -g - 4*t, 2*g - 5*t = z. What is the remainder when 46 is divided by g?
10
Let y = -62 + 108. Suppose 0 = -5*f + 74 + 6. What is the remainder when y is divided by f?
14
Let g(k) = -6*k + 65. What is the remainder when 32 is divided by g(10)?
2
Let v(p) = 2*p**3 + 6*p**2 + p + 3. Let l be v(-4). Let u = -18 - l. Let f(w) = w**3 - 3*w**2 - 2*w + 3. Calculate the remainder when f(5) is divided by u.
13
Suppose o = 2*o - 53. Suppose 3*q + 5*a + 16 = 4*q, -2 = a. Calculate the remainder when o is divided by (-258)/(-18) + (-2)/q.
11
Let x(m) be the second derivative of m**3/2 + m**2/2 - 4*m. Calculate the remainder when 62 is divided by x(5).
14
Suppose 0 = 5*v - 120 - 25. Calculate the remainder when 57 is divided by v.
28
Suppose 0 = -4*q + 5*q - 6. Calculate the remainder when (-1)/(-2) - (-18)/4 is divided by (-18)/(-3)*2/q.
1
Let a(m) = 2*m**3 - 8*m**2 - 5*m - 10. Calculate the remainder when a(7) is divided by 21.
18
Let d = -8 - -13. Suppose 16 = -d*j + 9*j. What is the remainder when 5 is divided by j?
1
Suppose 16 = -0*g - 2*g. Let i = -5 - g. Suppose 25 = 4*x - 7. What is the remainder when x is divided by i?
2
Let c(z) = -z**3 - 6*z**2 - 2*z + 6. What is the remainder when 50 is divided by c(-6)?
14
Suppose -p - 84 = -4*p. What is the remainder when 83 is divided by p?
27
Suppose 0 = -3*m - 3*f + 3, 5*m - f = 2*m + 19. Calculate the remainder when 22 is divided by m.
2
Suppose 149 = s - 5*g, 5*g + 404 = 2*s + 111. What is the remainder when s is divided by 21?
18
Suppose -v + 5*p + 51 = v, -2*v - p = -57. Suppose 3*y - 5*z - v = y, 0 = 5*y + z - 124. What is the remainder when 93 is divided by y?
21
Let j = -18 + 31. Suppose 142 = i + 3*i - 2*z, -3*z - 65 = -2*i. Calculate the remainder when i is divided by j.
11
Let h = -8 + 44. Suppose 0 = -4*l + 4*a + h, 2*l - 4*a = 5 + 13. What is the remainder when 25 is divided by l?
7
What is the remainder when 32 is divided by (-11)/((24/36)/(2/(-3)))?
10
Suppose 0 = -0*p - p + 55. Calculate the remainder when 218 is divided by p.
53
Let h = -12 + 29. Calculate the remainder when 65 is divided by h.
14
Let s(p) = -p**2 + 8*p - 7. Suppose 0 = -6*v + v + 25. Calculate the remainder when s(v) is divided by 5.
3
Let o(s) = -2*s**2 + 2*s + 3*s + 2 + 4*s**2. Suppose 0 = -3*y + 9 - 3. Calculate the remainder when o(-3) is divided by y.
1
Let u = 79 + -45. What is the remainder when u is divided by ((-1)/(-2))/((-5)/(-180))?
16
Suppose -21 = -5*j + 4. Let c be 10/(3 + j/(-2)). Suppose -55 = -5*t + c. Calculate the remainder when 29 is divided by t.
14
Let g be 3/((-3 - -2)/2). Let a = g + 7. Calculate the remainder when 1 is divided by a.
0
Let q be (-3 + 3)*(-2)/4. Suppose -4*i + i = q. Suppose i = -4*b + 3*p + 19, 2*b - 6 - 5 = p. Calculate the remainder when 13 is divided by b.
6
Suppose 2*q + 3*q = 140. Suppose -f = -4*r - q, -52 = 5*r + f + 2*f. Let s(c) = c**3 + 8*c**2 - 4*c - 3. What is the remainder when s(r) is divided by 10?
9
Let a = -36 + 72. Let q be (1 + (-3)/6)*0. Let f(z) = z + 19. Calculate the remainder when a is divided by f(q).
17
Let z(b) = 3*b - 9. What is the remainder when 86 is divided by z(13)?
26
Suppose -51*u + 54*u - 141 = 0. What is the remainder when u is divided by 13?
8
Let a(v) = v**2 - 6*v + 6. Let m be a(9). Suppose -p - 5 = -m. What is the remainder when p is divided by 10?
8
Suppose 0 = -0*i - i. Suppose i = w - c - 14, -5*w + 100 - 40 = 5*c. What is the remainder when w is divided by 5?
3
Let l(k) = 28*k + 3. Let q be l(-3). Let h = -41 - q. Suppose w - 10 = 4. Calculate the remainder when h is divided by w.
12
Let d = 25 + -9. Let s be ((2 - 3) + -6)*6. Let j = 73 + s. What is the remainder when j is divided by d?
15
Let o(q) = q**2 - 4*q - 2. Suppose 3*z + 3*s + 11 = -1, z = -5*s + 8. Let n(y) = -y**2 - 9*y + 2. What is the remainder when o(-4) is divided by n(z)?
14
Suppose 0 = -4*a - a + 1920. What is the remainder when 27 is divided by a/28 + (-2)/(-7)?
13
Let k = -73 + 120. Calculate the remainder when k is divided by 24.
23
Let h be (-4)/(-6)*6/2. Let i = 9 - h. Let r = 35 + -16. Calculate the remainder when r is divided by i.
5
Suppose -13 - 1 = -2*y. Calculate the remainder when 146 is divided by y.
6
Suppose 5*c + 6 = -2*x - 2*x, -2*c - 12 = 4*x. Suppose -j - 1 = -4*v - 4, 0 = j + 3*v - 3. Suppose -k + 2*k = j. Calculate the remainder when k is divided by c.
1
Let k(z) = z**3 + z**2 + 13. What is the remainder when 38 is divided by k(0)?
12
Let v = 38 - 10. Let m = 31 - 16. Calculate the remainder when v is divided by m.
13
Suppose 2*x - 105 = -29. Calculate the remainder when x is divided by 8 - -4*2/4.
8
Let x(r) = -r**3 + 6*r**2 - 2*r + 7. What is the remainder when x(4) is divided by 12?
7
Let h(r) = r**3 + 2*r**2 + 2*r + 13. What is the remainder when 75 is divided by h(0)?
10
Let x = 69 + -47. What is the remainder when x is divided by 3?
1
Let f(y) = 7*y - 7. Let a(k) = -k. Let t(h) = -4*a(h) - f(h). What is the remainder when 74 is divided by t(-6)?
24
Calculate the remainder when 2*4/16*84 is divided by 15.
12
Suppose 0 = -c - w - w, 5*c - 2*w = 24. Suppose 11 = -c*p + 63. Suppose i + 3*i - 202 = 2*b, 15 = -5*b. What is the remainder when i is divided by p?
10
Let q(r) = -r + 13. Suppose -u = -4*u. Let a be q(u). Suppose x = k - a - 8, 2*k = -x + 39. What is the remainder when k is divided by 11?
9
Let g(h) = 30*h - 1. Let o(u) = u**2 - 6*u + 1. Let k be o(6). Calculate the remainder when g(k) is divided by 10.
9
Let d(p) = -4*p - 51. What is the remainder when 84 is divided by d(-17)?
16
Let i(a) be the second derivative of a**5/20 + a**4/3 - a**3/3 - a**2/2 - 3*a. What is the remainder when i(-4) is divided by 3?
1
Calculate the remainder when (987/14)/(6/8) is divided by 32.
30
Let z(h) = h**2 + 5*h + 6. Let w be z(-4). Suppose 65 = w*j + 3*j. Calculate the remainder when (-4)/8 + 49/2 is divided by j.
11
Suppose -4*w + w + 42 = 0. What is the remainder when w is divided by 8?
6
What is the remainder when -4 + (-5)/(15/(-399)) is divided by 26?
25
Let o(h) = 25*h + 1. Suppose 0 = -4*s + j + 55, 0*s - 4*j = -3*s + 38. What is the remainder when o(1) is divided by s?
12
Suppose 6*r = -2*g + 2*r + 68, -4*r + 176 = 5*g. Suppose -4*z = -20, z = -4*m - 3*z + g. Suppose 2 = 2*o - 4. Calculate the remainder when m is divided by o.
1
Let p = -16 - -26. What is the remainder when 15 is divided by p?
5
Let i = 21 - 29. Calculate the remainder when 2 is divided by (3 - (-20)/i)*2.
0
Let k = 56 + -25. What is the remainder when 92 is divided by k?
30
Suppose 3*y = -2*u + 10 + 12, u - 2*y + 3 = 0. Calculate the remainder when 138/8 + (-3)/12 is divided by u.
2
